valuate -6 + -2 + (1 - -3 - 2 - 6).
-12
-21 - -12 - (-12 - -1)
2
What is (7 - 12 - 5) + -10 + -14?
-34
(-7 - (-18 - -6)) + 11
16
Evaluate -19 + (13 - 7) - -18.
5
Calculate -29 - -57 - (38 - -3).
-13
Calculate 6 - 6 - -7 - (10 + 9 + 15).
-27
Calculate (2 - 1 - -11) + (46 - 47) - -1.
12
What is (1 - (-2 + -9) - (-51 - -63)) + 19?
19
What is -23 + -34 + 15 + 37?
-5
-8 + 5 + -6 - (-19 + 11)
-1
Evaluate (12 - -3) + -19 + 15.
11
Calculate (-2 + 0 - 3) + (-1 - (-11 + 13)).
-8
What is 9 + -3 + -12 - (-8 - 7)?
9
What is (30 - 9) + -2 + -12?
7
-21 + 13 + 12 + 11 + (-1 - 1)
13
-4 + 19 + -9 + 1 - 4
3
Evaluate (-9 - -8) + (7 + -9 - -8) + -24.
-19
(-7 - -1) + -5 + 12
1
Evaluate (-8 - -7 - 10 - (1 + -10)) + 29.
27
What is the value of 15 - ((-5 - 9) + 6) - 12?
11
Calculate (-25 - -23 - (2 + 6)) + 13.
3
What is 12 + -7 + (-9 - (13 - 10))?
-7
What is 1 + 3 - (-16 + 6 + 9 - 0)?
5
4 - (-1 + 2 + -7 + 1)
9
What is the value of 8 + -2 + (-11 + 2 - (39 - 37))?
-5
What is 15 - 1 - (-12 + -7 + 4 + 8)?
21
What is the value of (-71 - -67 - (2 + 2)) + 10 - -5?
7
Evaluate (2 - 4 - 2) + (-8 - -12 - 0).
0
What is 8 + 1 + (53 + -33 - 21)?
8
Calculate -2 - (-5 + -2 + -4 - -7) - -15.
17
-5 - ((4 + 6 - 9 - -6) + -22)
10
What is the value of -9 + (-6 + 9 - -4 - -8)?
6
What is -7 - (-24 - -8) - 0?
9
26 + (-6 + -6 - (-3 + 1))
16
Calculate -8 - ((-18 - -15) + -4).
-1
What is the value of (20 - 34) + (4 + -3 - 14)?
-27
Evaluate -4 - (-1 - 0) - (1 + (-1 - 21)).
18
What is (2 + 13 - (9 + -1 + -6)) + -3?
10
-4 - (-28 + (53 - 8))
-21
Evaluate 0 - 2 - (195 - 201) - (9 + 1).
-6
4 + (-6 - -9) + -10 + 14
11
Calculate 265 - 264 - (1 + 26).
-26
Evaluate (10 - (1 - 4)) + -437 + 406.
-18
Calculate 0 - 16 - (16 - 6 - 13).
-13
What is the value of 5 + 0 - (-34 - (18 - 64))?
-7
What is the value of -23 - (1 - 20) - (11 - 1)?
-14
Calculate -21 + (8 - 1 - -5).
-9
(-23 + 8 - 4) + 19
0
Calculate 1 + 28 - (15 + -4).
18
Evaluate (85 - 63) + 5 + (-4 - 14).
9
2 + (25 - 0) - ((11 - 21) + 6)
31
Evaluate 3 - (4 + 8 - (13 + -14)).
-10
What is 13 + (8 - (-6 + (10 - 1)))?
18
Evaluate (-34 - 0) + -63 + 105.
8
What is the value of 1 + -4 - 0 - (-2 + -21)?
20
Evaluate -10 + -22 + 32 + 1 + -11.
-10
What is the value of 2 + -1 + -18 + (5 - 5) + 6?
-11
Calculate -16 - (-1 + -9 + (-1 + -5 - -9)).
-9
What is (2 + 9 - (14 + -5 + -2)) + 1?
5
Calculate 8 - (-8 - -21) - 26.
-31
-23 + -13 + 63 - (1 + (-2 - 0))
28
-2 + -15 + 11 - (-1 + -4 + 3)
-4
What is the value of (-558 - -559) + (0 - -8) - (-28 + 0)?
37
1 + (-11 - 3) + -1 + 26
12
Calculate -9 + 9 - (-6 - 0) - (21 + -16).
1
What is -9 - ((-6 - -12) + (-2 - 13))?
0
Evaluate 19 + (14 - (1 + 24 - 9)).
17
Calculate (14 - -1) + (21 - 43).
-7
What is (-1 - (-1 + -18)) + 1 - (-5350 - -5355)?
14
What is 22 + -2 - (-70 + 82)?
8
Evaluate (-36 - -11) + 10 + 21.
6
What is (14 - 29) + 12 - 9?
-12
What is 37 + -38 + 1 + 10?
10
What is (-71 - -34 - -69) + -48?
-16
What is -3 + (-3 - (-3 + -1) - (15 + -8))?
-9
What is the value of (-7 - (-15 + -1)) + (-3 + -7 - -6)?
5
What is -3 + -16 - (-23 - -7) - (-2 - 0)?
-1
Evaluate 16 + 10 + 9 - 11.
24
Calculate 17 - (-7 - -19) - (1 + -1 + 1).
4
16 - 21 - 35 - -13
-27
Evaluate 1 - (-5 - ((-1 - 6) + -1)).
-2
Calculate -85 + 127 - (13 - -6).
23
Evaluate 9 + -1 + -2 + 12 + -25.
-7
What is 42 + (-9 - (10 + 14))?
9
What is the value of -24 + (-9 - (-48 - -15))?
0
Calculate 1 - (2 - -6 - -10).
-17
What is 1 + (5 - 9) + 2 - 9?
-10
Calculate (2 - -7) + -7 + (-16 - -8) + 21.
15
15 - (1 + 12) - 11
-9
What is the value of -6 - (15 - 16 - (5 + -3))?
-3
Calculate (-1 - 0) + -31 - (-17 + 14 + 0).
-29
6 + -32 + 3 + -22 + 25
-20
What is the value of -12 + (3 - 2) + (-1 - (1 + -1))?
-12
Evaluate (1 - 8) + (-40 - -49).
2
What is (-9 - 0) + -76 + 65?
-20
What is -6 + 20 + -25 + 24?
13
What is the value of 13 + (12 + -35 - 5) + 8?
-7
-2 + -10 - (10 - 18) - (5 - 0)
-9
What is the value of 3 + -7 + -2 + 3 + 7?
4
Calculate 13 - (7 + -3 - -9).
0
Calculate 32 + -3 + (-204 - -143).
-32
What is 7 - (1 + 6 - (-23 - (10 + -18)))?
-15
Evaluate -2 - (28 - -3) - -23.
-10
What is (-390 - -388) + 7 + 0 + 1?
6
Evaluate -15 - (-26 + 7) - (-1 + -4).
9
What is the value of 3 + -18 + (-8 - -22) + -22 + 2?
-21
Evaluate -25 - ((4 + -1 - 1) + 12).
-39
Calculate 48 + -72 + 63 + -26.
13
Evaluate (20 - (62 + -21)) + 38.
17
Calculate (11 - (5 + -7 - -6)) + (11 - 7).
11
What is (-3 - -4) + (-10 + 1 - (-7 - -9))?
-10
What is -15 + 29 + 30 + -77?
-33
-13 - (17 - (10 - -3) - (6 + -9))
-20
Evaluate 1 + -3 + 0 + (6 - 17) - 1.
-14
Evaluate -4 - -4 - 3 - (14 - 2).
-15
Evaluate -45 - (-6 - 15) - (-1 - -5 - -5).
-33
What is (52 - 30 - 31) + -4?
-13
What is (23 - 9 - -2 - -2) + -8?
10
16 - (-8 + (-10 - -18))
16
What is the value of 11 - ((-8 - -12) + -5)?
12
Evaluate -17 - (5 + -33 + -4).
15
What is the value of 5 - (6 - (2 + -20 + 11 - -10))?
2
(8 + 3 - 11 - (-7 + 2)) + -6
-1
Evaluate (29 + -6 - 6) + (-8 - 2) + -11.
-4
Calculate -86 - -121 - (26 + -1).
10
Calculate 2 - (2 + 2) - (32 + -55).
21
(15 - 9) + 5 - 11 - (-1 + -6)
7
What is -10 - (2 - (85 - 48))?
25
Evaluate (-4 - ((-13 - -8) + -8)) + -4.
5
Calculate -53 + 74 - (1 + 7).
13
Evaluate (-313 - -312) + 15 + 2.
16
Evaluate 25 + (0 + -25 - -25).
25
Calculate (-4 - (3 + (-4 - 2))) + 0 - 6.
-7
Evaluate (2 - -1) + -2 - 5 - -2.
-2
What is -5 - (-6 + -2 - (8 - 7))?
4
Calculate -6 + (-10 - (-8 - (1 + 9))).
2
What is 5 - (-24 - (-26 - (10 + -24)))?
17
Calculate -12 - 0 - 10 - -12 - -1.
-9
What is the value of 12 - (-5 - (5 + -5)) - (3 - -8)?
6
Evaluate 36 + -67 - -22 - (1 - 8).
-2
1 - ((130 - 130) + (-1 - -2 - -5))
-5
What is -1 + 7 + -7 + (10 - 5)?
4
What is the value of -4 + -17 + -20 - -22?
-19
Evaluate 0 - 4 - (-6 - -5) - (-13 + 10).
0
What is 12 + (0 - (48 + -24))?
-12
Calculate -2 - (3 + -5) - 6.
-6
(0 - -1 - 2 - -7) + (-214 - -214)
6
8 + (12 - -6) + -25
1
What is -6 - ((-9 - (5 - (-1 + 10))) + 16)?
-17
Calculate 13 + (-15 - 1) + -4 + -29.
-36
(37 - 9 - 36) + (2 - (9 + -1))
-14
What is -7 - (-3 + -7 + 4 - 0)?
-1
Evaluate -6 - (-6 - 7) - (-17 - -24).
0
What is -25 + 66 - -1 - 35?
7
Calculate 0 + -1 - (-2 - (6 - (6 + -4))).
5
What is 1 - 1 - (75 + -85) - 15?
-5
Calculate (-15 + 5 - -9) + -11 - -10.
-2
Evaluate 1 + 8 + 2 + (-2 + 28 - 14).
23
What is 33 + -66 + (20 - 7)?
-20
(-8 - -16) + 8 + 18 + -19
15
What is -6 + -23 + 101 + -35?
37
0 + (-6 - 7 - -10 - -2)
-1
Calculate -19 + -2 + 22 + (-23 - (-3 - 0)).
-19
11 - ((-43 - -33) + -2 + 23)
0
What is 4 - -2 - (-1 + 5)?
2
Evaluate 7 + (-14 + 21 - (1 + 5)) + -5.
3
Calculate 8 + -28 + -16 + 16.
-20
What is the value of (8 - (-1 - -3)) + 2 - (42 - 63)?
29
What is the value of 7 - (182 + -191 - (-6 + 0 + 0))?
10
What is the value of -4 - -34 - (4 + 6 + 8 + -11)?
23
-50 + 53 - (-2 + 17)
-12
9 + -21 + (-2 + 3 - -7) + -5
-9
0 + -8 + (-51 - -68) - 0
9
Evaluate (-24 - -12) + -5 - -18.
1
Calculate 8 - (3 + -6) - 1 - (-30 - -25).
15
Evaluate -38 + -22 + -18 + 48.
-30
Evaluate (-8 - -7) + 1 - ((-1 - 3) + -6).
10
Calculate 33 - ((17 - 20) + 38).
-2
What is the value of 12 - -6 - 31 - -24?
11
What is the value of 2 - ((-14 - -18) + (-10 - (0 + 4)))?
12
What is -6 - (-20 + 4) - -2 - 28?
-16
Calculate 3 + 2 + -9 + -17 - -4 - -2.
-15
Evaluate 13 + -9 - (9 + 0 + (0 - 3)).
-2
-26 - (52 + -39 + (2 - 8))
-33
Evaluate -11 + (-21 + 31 - 7 - (0 + 10)).
-18
What is 9 + -1 + (2 - 2) + -12?
-4
Calculate 6 - (1 - (0 + (0 - (2 + 0)))).
3
Calculate (-29 - -33) + 8 - (-1 + 8 + 0).
5
What is 1 - (-12 - -24 - -5)?
-16
What is 2 - 8 - ((-3 - -8) + -9)?
-2
Calculate 1 - (3 + 0) - (-43 + 50).
-9
What is 1 - -4 - (1 + -11 - (-18 - -10))?
7
What is the value of -5 - ((-21 - -28) + -3)?
-9
Calculate -5 + (-9 - 2) + 4 - -13.
1
Calculate -3 - (-2 + (6 - 4) + 2 + -18).
13
(-7 - -23 - 11) + (7 + -5 - 37)
-30
Evaluate (26 + (13 - 17) - 2) + -8.
12
What is the value of -8 + 2 + (8 - (-7 + 20))?
-11
What is the value of 23 - 9 - 24 - -7?
-3
What is 9 - 1 - (-22 + 7 - -19)?
4
Evaluate 0 - (2 + (-5 - (-4 + 5)) + -9).
13
(4 - 17) + (17 + -10 - 3)
-9
Calculate 30 + -24 + 6 + 1 + -35.
-22
What is 20 - (4 + 0 + -10 + 5 + -4)?
25
What is the value of 22 - (1 + 8 + (-16 - (-25 - -12)))?
16
What is the value of -4 + 9 + -8 + (26 - 9 - 0)?
14
-10 + -1 + (-10 - -9) + 7
-5
What is 30 - (-1 - -29) - (0 + 1 - -2)?
-1
What is 11 + -24 - (14 - 24)?
-3
(-11 - (-2 - -